 remainder when 10 is divided by (27/(-6))/(15/(-20)).
4
Suppose 118 = -2*o + 3*q + 364, 3*o - 391 = -q. What is the remainder when o is divided by 33?
30
Suppose -828 = -6*t - 0*t. Calculate the remainder when t is divided by 28.
26
Suppose k - 5*k = 2*g - 36, 24 = g + 5*k. Suppose -26 - 82 = -4*r. What is the remainder when r is divided by g?
13
Let t = -3 + 12. Let m = t + 56. What is the remainder when m is divided by 22?
21
Let n(l) = -l**2 + 29*l + 53. Calculate the remainder when n(23) is divided by 48.
47
Let w be (16/6)/(-1)*-3. Let s = w + -8. Suppose -g + 9 = -s*g. What is the remainder when 34 is divided by g?
7
Let b = -2 - -16. Let w = -7 + b. What is the remainder when 20 is divided by w?
6
Suppose -3*b + 9 = -4*u, 0 = -4*u + 4*b - 2*b - 6. Calculate the remainder when (-38)/((u - 1)/1) is divided by 10.
8
Let k(m) = m**2 - 5*m + 1. Let d be k(6). What is the remainder when 19 + -19 - d*-8 is divided by 29?
27
Calculate the remainder when (-1*11*-2)/2 is divided by ((-2)/(-7))/(7/98).
3
Let d = 1 - 1. Suppose -41 = -4*n + 5*z, 0 = -5*n + 5*z - d + 45. What is the remainder when n is divided by 3?
1
Let z = -42 - -53. What is the remainder when 74 is divided by z?
8
Suppose -1195 = -10*w + 45. What is the remainder when w is divided by 42?
40
Let k(y) = y - 5. Let u be k(5). Suppose 44 = 4*t - 4*n, u = -5*n - 2 - 3. Calculate the remainder when 17 is divided by t.
7
Let f(o) = o**2 + 48 + 0*o**2 - o**2 + o**2 - o. What is the remainder when f(0) is divided by 17?
14
Suppose r - 33 = -2*r. Let g(h) = 9*h**2 + 2*h - 1. Calculate the remainder when g(-2) is divided by r.
9
Let h(l) = l**2 + 2*l + 6. Let q(r) = -r - 1. Let f be q(4). What is the remainder when 40 is divided by h(f)?
19
Suppose 3*o - 91 = 2. Calculate the remainder when o is divided by 9.
4
Let i be ((-2 - -6) + 1)/1. Suppose -i*j + 1 = -4. What is the remainder when 2 is divided by j?
0
Let s = -1 - -6. Suppose s*m - 10 = 5*r, r + 0*r - 2*m + 7 = 0. Suppose x = r*x - 24. Calculate the remainder when 35 is divided by x.
11
Let n = 161 - 114. What is the remainder when n is divided by 12?
11
Let m = -5 - -9. Suppose m*x - 5*c + 0*c = 43, x + 4*c = 16. Calculate the remainder when x is divided by 4.
0
Let h(t) = t**2 - 9*t - 8. Calculate the remainder when 25 is divided by h(11).
11
Suppose u - 17 + 1 = 0. Suppose 3*i - 13 = -2*y - 32, 0 = 3*y - 4*i + 3. Let a = 11 + y. What is the remainder when u is divided by a?
4
Let q = 45 - 29. Let j be (1*2)/(2/3). Let h(k) = 2*k**2 + 5*k - 2. What is the remainder when h(j) is divided by q?
15
What is the remainder when (0/(-3))/1 - (1 + -140) is divided by 7?
6
Suppose -2*k + 5*k = -4*a - 20, 10 = k - 2*a. Let f = k - -14. Calculate the remainder when (-197)/(-5) - (-6)/10 is divided by f.
12
Let h(q) = -q**3 + 11*q**2 - 20*q + 9. What is the remainder when h(8) is divided by 11?
8
Suppose 0 = 4*j - 3*o - 39 - 42, 106 = 5*j + o. What is the remainder when 59 is divided by j?
17
Let u(k) = 8*k - 2. Let z be u(8). Let t be -1 + (1 - 1 - -3). Suppose -8 = t*d - z. What is the remainder when d is divided by 10?
7
Let y = 7 - 5. Suppose y + 2 = 4*t. What is the remainder when 1 is divided by t?
0
Let o be (-2)/(-2)*-1 - 20. Let f = o - -55. Let b(w) = -3*w - 3. Calculate the remainder when f is divided by b(-5).
10
Let b be (2/(-5))/((-3)/90). Suppose 78 + b = 6*m. What is the remainder when m is divided by 8?
7
Let h(j) = 15*j - 2. Let o be h(6). Suppose o = 2*m + 2*m. Let k = 22 + -10. Calculate the remainder when m is divided by k.
10
Let z = 170 - -10. Suppose 6*h + z = 11*h. Calculate the remainder when h is divided by (-26)/(0 + -2*1).
10
Suppose 19 = 4*c - 9. Let t = 5 + c. Calculate the remainder when ((-3)/6)/(1/(-70)) is divided by t.
11
Suppose -4*g - 5*n + 3*n + 64 = 0, -g - 2*n + 13 = 0. Calculate the remainder when 67 is divided by g.
16
Suppose -3 - 3 = -a. Let o = 39 + -39. Suppose o = 5*i - 4*p + 46 - 147, i + 4*p = 1. Calculate the remainder when i is divided by a.
5
Let b(z) = -z**2 - 5*z + 2. Let m be b(-3). Let o = 16 - m. Let w = 26 + 4. Calculate the remainder when w is divided by o.
6
Let x = 5 - 11. Let f be (4 - x/(-2))*99. Let l = f + -38. Calculate the remainder when l is divided by 16.
13
Suppose 5*y + 29 = 4*s + 195, 4*y = 5*s + 131. Let b(v) = 2*v + 19. What is the remainder when y is divided by b(-5)?
7
Suppose -28*b + 32*b = 308. Calculate the remainder when b is divided by 20.
17
Let c(q) = -5*q - 10. Let b be c(-8). Let w = b + -21. What is the remainder when 24 is divided by w?
6
Calculate the remainder when 20 is divided by -1*1 + (-120)/(-10).
9
Suppose 20 = 4*n - 2*n. Let c(d) = -d. Calculate the remainder when n is divided by c(-6).
4
Suppose p = 23 - 10. What is the remainder when 50 is divided by p?
11
Let u = 24 + -21. Suppose 0 = u*b - 52 + 10. What is the remainder when b is divided by 5?
4
Let q = 4 + 16. Let o = 307 + -17. Suppose -x - 4*x - 2*j + o = 0, 2*j = -3*x + 174. What is the remainder when x is divided by q?
18
Suppose 160 = -0*h + 5*h. Let u = -24 - -34. Suppose 0 = a - c - 21, a - u = -2*c - 1. What is the remainder when h is divided by a?
15
Suppose -2*u = -2*w + 4, -20 = u - 0*u + 5*w. Let r(q) = q**3 - q + 20 - 26 + 4*q**2 - 7*q. What is the remainder when r(u) is divided by 5?
4
Let p(m) = m**3 - 7*m**2 + m + 5. Let u be p(7). Let w(y) = 1 + 2 - u*y - 2. What is the remainder when 25 is divided by w(-1)?
12
Let p(y) = -25*y - 2. Let z be p(-2). Let o = z - 13. Calculate the remainder when o is divided by 19.
16
Let v be -2 - -2 - (0 + -2). Suppose v*j - 40 = y + 3*y, 3*j = -3*y + 33. Calculate the remainder when (-1)/((-12)/(-75))*-4 is divided by j.
11
Let n(v) = -v**3 + 10*v**2 + 11*v + 2. Let k be n(11). Calculate the remainder when 8 is divided by (-28)/(-8) + (-1)/k.
2
Let l = 11 - 0. Let r be -10*-1*3/(-6). Let p(h) = -3*h + 6. Calculate the remainder when p(r) is divided by l.
10
Calculate the remainder when 36 is divided by ((-2)/10)/(6/(-390)).
10
Let u = -11 + -2. Let r = -6 - u. What is the remainder when r is divided by 3?
1
Suppose -a + 6*a = 265. What is the remainder when a is divided by 27?
26
Let n(m) = -11*m + 2. Let q be n(-2). Calculate the remainder when 6 is divided by (-2)/6*q/(-2).
2
Let s(c) = 89*c**2 - 2*c. Calculate the remainder when s(1) is divided by 20.
7
Let j(l) = -l**2 - 14*l - 15. Calculate the remainder when 33 is divided by j(-11).
15
Suppose 0 = 5*r + 2*l + 2, 0 = 3*r + l - 3 + 5. Suppose -4*x = 3*s - 9*x - 27, 2*x + 18 = 3*s. What is the remainder when s is divided by 5/2 - 1/r?
1
Let q = 7 + 9. What is the remainder when 46 is divided by q?
14
What is the remainder when 68 is divided by (((-2430)/24)/(-15))/((-3)/(-16))?
32
Calculate the remainder when 6/(-39) + 3243/39 is divided by 17.
15
Let q(v) = v + 7. Let d(w) = w**2 + 2*w - 3. Let g = 4 + -8. What is the remainder when q(6) is divided by d(g)?
3
Suppose 0 = 5*q - 14 - 41. Suppose 0 = -2*o + q + 13. Suppose -f + 2*n = 3*f - 92, -n = -f + 24. What is the remainder when f is divided by o?
10
Let i = -74 - -141. What is the remainder when i is divided by 23?
21
What is the remainder when 35 is divided by (3/5)/((-1)/(-15))?
8
Suppose 17*n - 187 = 6*n. Calculate the remainder when 116 is divided by n.
14
Let m = -16 + 11. Calculate the remainder when 7 is divided by -3*m/((-30)/(-8)).
3
Let z = 63 - 45. What is the remainder when z is divided by 4?
2
Let p be (-1)/4 + (-42)/(-8). Suppose p*i = -4*m + 77, -3*m = i - 15 - 7. Calculate the remainder when i is divided by 7.
6
Suppose 0 = -3*r + r - 6, -3*k - 5*r = -15. What is the remainder when 29 + (-2)/(4/6) is divided by k?
6
Suppose -5*y + 535 = -430. Suppose -4*v - 57 = -y. Calculate the remainder when v is divided by 9.
7
Let v be 0/(1*(-2)/(-2)). Suppose -3*a + 8 + 49 = v. Calculate the remainder when 55 is divided by a.
17
Let f(v) = v**3 + 0*v**3 + 2*v + 6*v - 2*v - 9*v**2. What is the remainder when f(9) is divided by 14?
12
Suppose -3*i + 0*i = -45. Suppose -4*p + n = i, 4*n = -2*p + 16 - 46. Let o = 26 - p. Calculate the remainder when o is divided by 11.
9
Suppose 2*t + 0*t = -2*r + 26, -3*t = -r - 51. What is the remainder when 56 is divided by t?
8
Suppose -a + 32 = 3*a. What is the remainder when a is divided by